en 8251 is divided by 147?
19
Calculate the remainder when 446657 is divided by 233.
229
What is the remainder when 1636 is divided by 409?
0
What is the remainder when 104188 is divided by 151?
149
Calculate the remainder when 24772 is divided by 12324.
124
Calculate the remainder when 29651 is divided by 985.
101
Calculate the remainder when 527184 is divided by 142.
80
What is the remainder when 3266 is divided by 1532?
202
Calculate the remainder when 23974 is divided by 7.
6
Calculate the remainder when 14177 is divided by 257.
42
Calculate the remainder when 5079 is divided by 26.
9
What is the remainder when 2461 is divided by 107?
0
Calculate the remainder when 381965 is divided by 47.
43
Calculate the remainder when 3873 is divided by 140.
93
Calculate the remainder when 1019110 is divided by 15.
10
Calculate the remainder when 32856 is divided by 16408.
40
What is the remainder when 59219 is divided by 19?
15
Calculate the remainder when 6648 is divided by 6508.
140
Calculate the remainder when 5825 is divided by 727.
9
Calculate the remainder when 13525 is divided by 229.
14
Calculate the remainder when 27800 is divided by 1069.
6
Calculate the remainder when 100133 is divided by 7702.
7
What is the remainder when 269 is divided by 90?
89
Calculate the remainder when 736 is divided by 157.
108
What is the remainder when 30262 is divided by 97?
95
What is the remainder when 7418 is divided by 611?
86
What is the remainder when 406175 is divided by 46?
41
What is the remainder when 1844 is divided by 827?
190
What is the remainder when 2127357 is divided by 1108?
1105
What is the remainder when 33039 is divided by 1178?
55
Calculate the remainder when 1158139 is divided by 348.
343
Calculate the remainder when 9462 is divided by 1892.
2
Calculate the remainder when 19871 is divided by 6337.
860
What is the remainder when 44274 is divided by 338?
334
Calculate the remainder when 238093 is divided by 21.
16
What is the remainder when 333602 is divided by 166795?
12
Calculate the remainder when 524 is divided by 23.
18
Calculate the remainder when 43611 is divided by 305.
301
What is the remainder when 6497 is divided by 166?
23
What is the remainder when 29064 is divided by 38?
32
Calculate the remainder when 1803 is divided by 894.
15
What is the remainder when 22905 is divided by 21?
15
Calculate the remainder when 508161 is divided by 113.
0
Calculate the remainder when 1817005 is divided by 1339.
1321
What is the remainder when 93544 is divided by 174?
106
What is the remainder when 120986 is divided by 340?
286
What is the remainder when 157820 is divided by 295?
290
What is the remainder when 92986 is divided by 14?
12
Calculate the remainder when 4081 is divided by 3160.
921
What is the remainder when 2878 is divided by 533?
213
Calculate the remainder when 11310 is divided by 107.
75
What is the remainder when 24591 is divided by 2731?
12
Calculate the remainder when 426 is divided by 320.
106
What is the remainder when 11089 is divided by 43?
38
What is the remainder when 36987 is divided by 68?
63
Calculate the remainder when 41705 is divided by 20839.
27
Calculate the remainder when 529050 is divided by 264519.
12
What is the remainder when 33176 is divided by 256?
152
What is the remainder when 19160 is divided by 85?
35
What is the remainder when 243 is divided by 7?
5
What is the remainder when 10232 is divided by 2542?
64
What is the remainder when 556 is divided by 223?
110
Calculate the remainder when 34900 is divided by 67.
60
Calculate the remainder when 676 is divided by 141.
112
Calculate the remainder when 14129 is divided by 68.
53
Calculate the remainder when 40501 is divided by 6732.
109
Calculate the remainder when 103670 is divided by 216.
206
Calculate the remainder when 99188 is divided by 491.
6
What is the remainder when 5729 is divided by 199?
157
What is the remainder when 441556 is divided by 10?
6
Calculate the remainder when 344732 is divided by 144.
140
What is the remainder when 82493 is divided by 58?
17
Calculate the remainder when 2809 is divided by 1280.
249
Calculate the remainder when 728 is divided by 163.
76
What is the remainder when 4123514 is divided by 55?
54
What is the remainder when 739 is divided by 454?
285
What is the remainder when 73861 is divided by 73824?
37
What is the remainder when 3239 is divided by 3110?
129
Calculate the remainder when 51684 is divided by 496.
100
What is the remainder when 42725 is divided by 118?
9
Calculate the remainder when 22055 is divided by 64.
39
What is the remainder when 181803 is divided by 44?
39
What is the remainder when 4876 is divided by 1217?
8
Calculate the remainder when 31253 is divided by 59.
42
What is the remainder when 186555 is divided by 32?
27
Calculate the remainder when 8264 is divided by 294.
32
What is the remainder when 77027 is divided by 412?
395
What is the remainder when 40457 is divided by 40454?
3
Calculate the remainder when 36418 is divided by 1145.
923
What is the remainder when 2142939 is divided by 79368?
3
Calculate the remainder when 25622 is divided by 20.
2
Calculate the remainder when 63402 is divided by 2186.
8
Calculate the remainder when 24918 is divided by 112.
54
Calculate the remainder when 14058 is divided by 1004.
2
Calculate the remainder when 7445 is divided by 256.
21
Calculate the remainder when 54601 is divided by 479.
474
Calculate the remainder when 49989 is divided by 287.
51
Calculate the remainder when 10796 is divided by 56.
44
What is the remainder when 274272 is divided by 1001?
999
Calculate the remainder when 256770 is divided by 523.
500
Calculate the remainder when 4506 is divided by 37.
29
Calculate the remainder when 391 is divided by 122.
25
Calculate the remainder when 6557 is divided by 404.
93
Calculate the remainder when 143866 is divided by 184.
162
What is the remainder when 2168 is divided by 74?
22
What is the remainder when 1316 is divided by 253?
51
Calculate the remainder when 1509 is divided by 1498.
11
Calculate the remainder when 1448114 is divided by 145.
144
Calculate the remainder when 5750 is divided by 259.
52
What is the remainder when 5280933 is divided by 703?
700
Calculate the remainder when 4440299 is divided by 19.
18
Calculate the remainder when 5927 is divided by 422.
19
Calculate the remainder when 635895 is divided by 1747.
1734
What is the remainder when 483590 is divided by 20?
10
Calculate the remainder when 16641 is divided by 2.
1
What is the remainder when 5467 is divided by 321?
10
Calculate the remainder when 112565 is divided by 1407.
5
Calculate the remainder when 488 is divided by 56.
40
Calculate the remainder when 8313 is divided by 2078.
1
Calculate the remainder when 99297 is divided by 9928.
17
What is the remainder when 23432 is divided by 107?
106
Calculate the remainder when 4561 is divided by 584.
473
Calculate the remainder when 32805 is divided by 236.
1
Calculate the remainder when 1848419 is divided by 90.
89
Calculate the remainder when 47439 is divided by 2489.
148
What is the remainder when 50445 is divided by 12609?
9
Calculate the remainder when 691 is divided by 332.
27
Calculate the remainder when 2638 is divided by 253.
108
What is the remainder when 9010 is divided by 544?
306
Calculate the remainder when 16112 is divided by 338.
226
What is the remainder when 1703 is divided by 558?
29
What is the remainder when 7066 is divided by 1947?
1225
Calculate the remainder when 5631 is divided by 798.
45
What is the remainder when 210517 is divided by 190?
187
Calculate the remainder when 4370 is divided by 1324.
398
What is the remainder when 19396 is divided by 1491?
13
What is the remainder when 21431 is divided by 230?
41
Calculate the remainder when 649 is divided by 219.
211
Calculate the remainder when 10614 is divided by 622.
40
Calculate the remainder when 17513 is divided by 8353.
807
What is the remainder when 1445 is divided by 55?
15
What is the remainder when 7422 is divided by 29?
27
Calculate the remainder when 2461 is divided by 19.
10
Calculate the remainder when 13237 is divided by 53.
40
Calculate the remainder when 5178 is divided by 5127.
51
Calculate the remainder when 5225 is divided by 88.
33
Cal